 base 15?
-35
-1 (base 16) to base 9
-1
What is -5 (base 14) in base 9?
-5
Convert -3 (base 13) to base 5.
-3
Convert -1a (base 14) to base 9.
-26
What is 112 (base 8) in base 2?
1001010
Convert -12 (base 10) to base 9.
-13
What is -3 (base 12) in base 15?
-3
Convert 174 (base 15) to base 5.
2314
What is 110001 (base 2) in base 4?
301
What is 111 (base 2) in base 7?
10
-c (base 16) to base 12
-10
What is 2 (base 10) in base 14?
2
What is 6 (base 8) in base 10?
6
-40 (base 10) to base 13
-31
Convert 100 (base 4) to base 14.
12
b (base 16) to base 10
11
Convert 32 (base 7) to base 14.
19
Convert 1 (base 12) to base 2.
1
Convert 2 (base 13) to base 15.
2
Convert -17 (base 11) to base 16.
-12
-1 (base 10) to base 2
-1
-11002 (base 3) to base 7
-215
Convert -44 (base 13) to base 10.
-56
2 (base 9) to base 4
2
What is 30 (base 10) in base 16?
1e
Convert -1101 (base 3) to base 8.
-45
What is 6 (base 14) in base 7?
6
10 (base 2) to base 11
2
-1000 (base 3) to base 9
-30
What is 6 (base 11) in base 10?
6
Convert -37 (base 13) to base 4.
-232
Convert 28 (base 11) to base 16.
1e
What is -2 (base 4) in base 14?
-2
What is 2 (base 8) in base 4?
2
-7 (base 9) to base 11
-7
What is -5 (base 12) in base 14?
-5
Convert -124 (base 5) to base 15.
-29
Convert -43 (base 14) to base 5.
-214
Convert -3 (base 16) to base 6.
-3
What is 7 (base 10) in base 12?
7
What is 10 (base 13) in base 16?
d
What is 102 (base 8) in base 14?
4a
Convert 49 (base 10) to base 11.
45
11 (base 4) to base 3
12
-23 (base 8) to base 5
-34
What is 102 (base 3) in base 6?
15
What is -10 (base 2) in base 13?
-2
What is -4 (base 13) in base 8?
-4
What is -7a (base 13) in base 4?
-1211
What is 73 (base 12) in base 4?
1113
What is 444 (base 6) in base 12?
124
Convert 6 (base 8) to base 14.
6
-12 (base 7) to base 15
-9
Convert -221 (base 4) to base 2.
-101001
60 (base 16) to base 9
116
What is -1001 (base 2) in base 15?
-9
-83 (base 9) to base 8
-113
-4 (base 6) to base 3
-11
Convert -11 (base 9) to base 6.
-14
What is -1 (base 12) in base 9?
-1
51 (base 8) to base 7
56
11 (base 6) to base 13
7
Convert 15 (base 6) to base 10.
11
-12 (base 16) to base 11
-17
Convert 130 (base 11) to base 2.
10011010
-210 (base 9) to base 8
-253
-6 (base 10) to base 14
-6
76 (base 12) to base 15
60
17 (base 8) to base 14
11
1 (base 2) to base 8
1
What is -2 (base 12) in base 14?
-2
What is 1041 (base 6) in base 14?
133
0 (base 9) to base 12
0
0 (base 3) to base 4
0
14 (base 5) to base 6
13
Convert -1 (base 12) to base 7.
-1
What is -1 (base 12) in base 14?
-1
63 (base 11) to base 5
234
What is 4b (base 15) in base 6?
155
-b (base 15) to base 13
-b
What is -10 (base 3) in base 11?
-3
Convert -101011 (base 2) to base 8.
-53
Convert 230 (base 6) to base 16.
5a
Convert -3 (base 13) to base 11.
-3
265 (base 11) to base 13
1b1
What is b (base 16) in base 3?
102
What is 0 (base 7) in base 8?
0
What is 10010 (base 2) in base 16?
12
230 (base 4) to base 16
2c
Convert -3 (base 12) to base 5.
-3
What is -15 (base 10) in base 5?
-30
What is 53 (base 9) in base 14?
36
Convert -2 (base 7) to base 11.
-2
Convert b (base 12) to base 8.
13
What is 1 (base 9) in base 4?
1
What is 22 (base 11) in base 3?
220
What is -2 (base 5) in base 8?
-2
What is 4 (base 9) in base 4?
10
What is 275 (base 8) in base 16?
bd
What is 15 (base 14) in base 15?
14
-8 (base 11) to base 7
-11
What is -22 (base 4) in base 16?
-a
What is 109 (base 10) in base 7?
214
11110 (base 2) to base 4
132
20 (base 8) to base 12
14
Convert -153 (base 7) to base 3.
-10020
What is -2 (base 8) in base 12?
-2
What is 1001 (base 2) in base 15?
9
Convert 10 (base 10) to base 3.
101
-8e (base 15) to base 7
-251
13 (base 15) to base 13
15
Convert 3 (base 5) to base 8.
3
Convert 3 (base 12) to base 15.
3
Convert -282 (base 10) to base 14.
-162
Convert -39 (base 16) to base 9.
-63
What is 3d (base 16) in base 4?
331
Convert 1 (base 12) to base 2.
1
-35 (base 7) to base 6
-42
-22 (base 5) to base 14
-c
Convert -13 (base 15) to base 13.
-15
4 (base 11) to base 8
4
Convert 122 (base 13) to base 8.
305
What is 26 (base 14) in base 7?
46
What is 64 (base 14) in base 16?
58
What is 124 (base 5) in base 11?
36
What is 110010 (base 2) in base 4?
302
What is 141 (base 5) in base 10?
46
Convert 1100 (base 2) to base 7.
15
-141 (base 6) to base 15
-41
36 (base 8) to base 16
1e
Convert -4 (base 10) to base 8.
-4
Convert 2 (base 8) to base 12.
2
What is -14 (base 12) in base 4?
-100
Convert 7 (base 10) to base 7.
10
1 (base 5) to base 6
1
Convert -3 (base 15) to base 16.
-3
Convert -5 (base 16) to base 2.
-101
-57 (base 11) to base 3
-2022
What is 161 (base 14) in base 15?
13b
What is 11 (base 4) in base 3?
12
Convert -8b (base 15) to base 8.
-203
-25 (base 16) to base 5
-122
What is 24 (base 8) in base 9?
22
-3 (base 11) to base 3
-10
What is 1 (base 2) in base 7?
1
Convert -3 (base 4) to base 13.
-3
Convert 6 (base 9) to base 13.
6
16 (base 16) to base 9
24
What is -31 (base 4) in base 5?
-23
What is 1020 (base 3) in base 14?
25
Convert 212 (base 3) to base 9.
25
Convert -4 (base 8) to base 9.
-4
Convert -b9 (base 14) to base 9.
-201
What is -4 (base 6) in base 5?
-4
-10 (base 5) to base 2
-101
36 (base 12) to base 11
39
-10 (base 2) to base 13
-2
What is 10 (base 8) in base 6?
12
Convert 10 (base 8) to base 14.
8
-4 (base 7) to base 6
-4
Convert 153 (base 15) to base 5.
2203
-8 (base 9) to base 14
-8
-54 (base 12) to base 3
-2101
What is 1 (base 15) in base 14?
1
-1 (base 11) to base 5
-1
4 (base 16) to base 10
4
Convert 37 (base 15) to base 9.
57
Convert 58 (base 9) to base 2.
110101
Convert -3 (base 7) to base 16.
-3
Convert cb (base 15) to base 13.
119
What is -1 (base 11) in base 14?
-1
What is 0 (base 4) in base 16?
0
What is 114 (base 7) in base 14?
44
-1111000 (base 2) to base 16
-78
47 (base 12) to base 15
3a
-20 (base 6) to base 14
-c
Convert 124 (base 6) to base 4.
310
What is 30 (base 8) in base 13?
1b
What is -ab (base 12) in base 2?
-10000011
What is -125 (base 12) in base 5?
-1143
Convert -264 (base 8) to base 5.
-1210
What is 12 (base 16) in base 5?
33
c (base 15) to base 5
22
What is 405 (base 6) in base 11?
126
20012 (base 3) to base 9
205
What is -135 (base 8) in base 16?
-5d
146 (base 8) to base 13
7b
-8 (base 14) to base 7
-11
Convert -52 (base 14) to base 11.
-66
1100110 (base 2) to base 12
86
What is -73 (base 9) in base 3?
-2110
Convert -10000110 (base 2) to base 7.
-251
14 (base 6) to base 9
11
What is 70 (base 9) in base 16?
3f
Convert 22121 (base 3) to base 13.
14b
Convert -14 (base 6) to base 2.
-1010
What is -b (base 16) in base 14?
-b
What is -101 (base 3) in base 9?
-11
Convert -2 (base 15) to base 11.
-2
What is 7 (base 10) in base 6?
11
What is 3a (base 14) in base 3?
1221
-1022 (base 3) to base 14
-27
Convert 6 (base 15) to base 16.
6
What is c6 (base 15) in base 4?
2322
What is -1 (base 8) in base 13?
-1
-6 (base 10) to base 8
-6
62 (base 11) to base 10
68
What is -13 (base 15) in base 2?
-10010
321 (base 6) to base 16
79
What is 0 (base 8) in base 2?
0
Convert 3 (base 15) to base 3.
10
44 (base 13) to base 10
56
What is 1 (base 9) in base 7?
1
What is -3 (base 14) in base 11?
-3
Convert 12 (base 8) to base 10.
10
What is -10 (base 14) in base 2?
-1110
What is c (base 14) in base 7?
15
11 (base 4) to base 16
5
What is -10 (base 9) in base 16?
-9
What is -2 (base 11) in base 6?
-2
Convert 101 (base 3) to base 14.
a
Convert 5 (base 7) to base 13.
5
What is -34 (base 6) in base 8?
-26
Convert -51 (base 7) to base 10.
-36
-1 (base 6) to base 16
-1
Convert 2 (base 15) to base 7.
2
Convert -1011000 (base 2) to base 8.
-130
-4 (base 11) to base 5
-4
Convert 25 (base 9) to base 12.
1b
What is -5 (base 12) in base 15?
-5
Convert -10 (base 5) to base 16.
-5
-1000 (base 2) to base 12
-8
Convert 198 (base 11) to base 4.
3210
What is 10 (base 6) in base 12?
6
What is 0 (base 5) in base 14?
0
Convert 67 (base 9) to base 15.
41
What is 53 (base 11) in base 15?
3d
56 (base 13) to base 7
131
29 (base 13) to base 4
203
Convert -2 (base 6) to base 16.
-2
What is 1200 (base 3) in base 7?
63
8 (base 16) to base 2
1000
What is 51 (base 6) in base 12?
27
What is 12 (base 3) in base 5?
10
Convert 13 (base 13) to base 7.
22
What is 1111 (base 5) in base 3?
12210
Convert -3 (